{"id":952,"date":"2019-08-02T01:30:03","date_gmt":"2019-08-02T05:30:03","guid":{"rendered":"http:\/\/colegiosantacecilia.cl\/new\/?page_id=952"},"modified":"2025-06-10T23:50:22","modified_gmt":"2025-06-11T03:50:22","slug":"directora","status":"publish","type":"page","link":"http:\/\/colegiosantacecilia.cl\/new\/directora\/","title":{"rendered":"Direcci\u00f3n"},"content":{"rendered":"\t\t<div data-elementor-type=\"wp-post\" data-elementor-id=\"952\" class=\"elementor elementor-952\">\n\t\t\t\t\t\t<section class=\"elementor-section elementor-top-section elementor-element elementor-element-836c768 elementor-section-boxed elementor-section-height-default elementor-section-height-default\" data-id=\"836c768\" data-element_type=\"section\">\n\t\t\t\t\t\t<div class=\"elementor-container elementor-column-gap-default\">\n\t\t\t\t\t<div class=\"elementor-column elementor-col-33 elementor-top-column elementor-element elementor-element-da64b78\" data-id=\"da64b78\" data-element_type=\"column\">\n\t\t\t<div class=\"elementor-widget-wrap elementor-element-populated\">\n\t\t\t\t\t\t<div class=\"elementor-element elementor-element-27e04ac elementor-widget elementor-widget-image\" data-id=\"27e04ac\" data-element_type=\"widget\" data-widget_type=\"image.default\">\n\t\t\t\t<div class=\"elementor-widget-container\">\n\t\t\t\t\t\t\t\t\t\t\t\t\t\t\t<img fetchpriority=\"high\" decoding=\"async\" width=\"799\" height=\"799\" src=\"http:\/\/colegiosantacecilia.cl\/new\/wp-content\/uploads\/2023\/02\/IMG_5814-copia.jpg\" class=\"attachment-full size-full wp-image-4258\" alt=\"\" srcset=\"http:\/\/colegiosantacecilia.cl\/new\/wp-content\/uploads\/2023\/02\/IMG_5814-copia.jpg 799w, http:\/\/colegiosantacecilia.cl\/new\/wp-content\/uploads\/2023\/02\/IMG_5814-copia-150x150.jpg 150w, http:\/\/colegiosantacecilia.cl\/new\/wp-content\/uploads\/2023\/02\/IMG_5814-copia-300x300.jpg 300w, http:\/\/colegiosantacecilia.cl\/new\/wp-content\/uploads\/2023\/02\/IMG_5814-copia-768x768.jpg 768w\" sizes=\"(max-width: 799px) 100vw, 799px\" \/>\t\t\t\t\t\t\t\t\t\t\t\t\t\t\t<\/div>\n\t\t\t\t<\/div>\n\t\t\t\t\t<\/div>\n\t\t<\/div>\n\t\t\t\t<div class=\"elementor-column elementor-col-66 elementor-top-column elementor-element elementor-element-1dce6c4\" data-id=\"1dce6c4\" data-element_type=\"column\">\n\t\t\t<div class=\"elementor-widget-wrap elementor-element-populated\">\n\t\t\t\t\t\t<div class=\"elementor-element elementor-element-a8645e9 elementor-widget elementor-widget-text-editor\" data-id=\"a8645e9\" data-element_type=\"widget\" data-widget_type=\"text-editor.default\">\n\t\t\t\t<div class=\"elementor-widget-container\">\n\t\t\t\t\t\t\t\t\t<p><span style=\"font-size: 14pt;\">Desde 2023, nuestra Directora es <strong>Hna. Gabriela Contreras Rozas<\/strong>, religiosa de la Congregaci\u00f3n Preciosa Sangre con mas de 40 a\u00f1os de experiencia y liderazgo en ambientes educativos.<\/span><\/p>\t\t\t\t\t\t\t\t<\/div>\n\t\t\t\t<\/div>\n\t\t\t\t\t<\/div>\n\t\t<\/div>\n\t\t\t\t\t<\/div>\n\t\t<\/section>\n\t\t\t\t<section class=\"elementor-section elementor-top-section elementor-element elementor-element-e3c4fb3 elementor-section-boxed elementor-section-height-default elementor-section-height-default\" data-id=\"e3c4fb3\" data-element_type=\"section\">\n\t\t\t\t\t\t<div class=\"elementor-container elementor-column-gap-default\">\n\t\t\t\t\t<div class=\"elementor-column elementor-col-100 elementor-top-column elementor-element elementor-element-49e75ff\" data-id=\"49e75ff\" data-element_type=\"column\">\n\t\t\t<div class=\"elementor-widget-wrap elementor-element-populated\">\n\t\t\t\t\t\t<div class=\"elementor-element elementor-element-d3fa864 elementor-widget-divider--view-line elementor-widget elementor-widget-divider\" data-id=\"d3fa864\" data-element_type=\"widget\" data-widget_type=\"divider.default\">\n\t\t\t\t<div class=\"elementor-widget-container\">\n\t\t\t\t\t\t\t<div class=\"elementor-divider\">\n\t\t\t<span class=\"elementor-divider-separator\">\n\t\t\t\t\t\t<\/span>\n\t\t<\/div>\n\t\t\t\t\t\t<\/div>\n\t\t\t\t<\/div>\n\t\t\t\t<div class=\"elementor-element elementor-element-1924ab6 elementor-widget elementor-widget-heading\" data-id=\"1924ab6\" data-element_type=\"widget\" data-widget_type=\"heading.default\">\n\t\t\t\t<div class=\"elementor-widget-container\">\n\t\t\t\t\t<h4 class=\"elementor-heading-title elementor-size-default\">Bienvenida al a\u00f1o escolar 2025<\/h4>\t\t\t\t<\/div>\n\t\t\t\t<\/div>\n\t\t\t\t<div class=\"elementor-element elementor-element-8a67cdb elementor-widget elementor-widget-text-editor\" data-id=\"8a67cdb\" data-element_type=\"widget\" data-widget_type=\"text-editor.default\">\n\t\t\t\t<div class=\"elementor-widget-container\">\n\t\t\t\t\t\t\t\t\t<p>Familias Cecilianas:<\/p><p>Al iniciar un nuevo a\u00f1o escolar, aprendizajes y desaf\u00edos, nos volvemos a reunir con la alegr\u00eda de compartir como comunidad y con la esperanza de todo lo que este 2025 traer\u00e1 para cada una de nuestras estudiantes y sus familias.<\/p><p>El Papa Francisco nos invita este a\u00f1o a vivir el Jubileo de la Esperanza, una celebraci\u00f3n que ocurre cada 25 a\u00f1os y que nos llama a peregrinar juntos. Este tiempo de gracia nos invita a renovar nuestra fe y a abrir el coraz\u00f3n a la misericordia de Dios. Nos recuerda que la esperanza no es solo un anhelo, sino una fuerza transformadora que nace de la fe en Cristo y de la certeza de que su Sangre nos redime y renueva.<\/p><p>En sinton\u00eda con este jubileo, nuestro lema congregacional para el 2025 es: &#8220;Nuestro templo: lugar de esperanza en la Sangre de Cristo&#8221;, un llamado a a vivir con mayor profundidad nuestra espiritualidad. En este contexto, las puertas del Templo Preciosa Sangre se abrir\u00e1n nuevamente para recibir a la Familia Ceciliana. Nuestra primera celebraci\u00f3n juntos ser\u00e1 la Eucarist\u00eda de Inicio del A\u00f1o Escolar, que se llevar\u00e1 a cabo el domingo 9 de marzo a las 11:00 horas, a la cual est\u00e1n cordialmente invitados.<\/p><p>Antes de finalizar, quiero compartir con ustedes un hito significativo en nuestro camino como colegio perteneciente a la Congregaci\u00f3n Preciosa Sangre. Despu\u00e9s de un largo proceso de trabajo, en diciembre de 2024, el Ministerio de Educaci\u00f3n aprob\u00f3 nuestro Plan de Estudios Propio para la asignatura de Religi\u00f3n, centrado en la espiritualidad de la Preciosa Sangre y en los valores que sustentan nuestra misi\u00f3n educativa.<\/p><p>Este nuevo plan no es solo una actualizaci\u00f3n curricular; es una expresi\u00f3n de nuestra identidad y de nuestra convicci\u00f3n de que la educaci\u00f3n en la fe debe ser una experiencia transformadora. A partir de este a\u00f1o, comenzaremos su aplicaci\u00f3n en todos los niveles en una marcha blanca, y a partir del 2026, esta asignatura pasar\u00e1 a ser evaluada con calificaciones, equiparando a otras \u00e1reas del curr\u00edculo e influyendo en el promedio final de cada estudiante.<\/p><p>Este es un paso importante. La espiritualidad de la Preciosa Sangre nos invita a vivir con sentido, a ser testigos de reconciliaci\u00f3n y esperanza en nuestro entorno.<\/p><p>Que este a\u00f1o sea una oportunidad para seguir creciendo juntas, para fortalecer los lazos que nos unen y para aprender con alegr\u00eda y responsabilidad. Que la Preciosa Sangre de Cristo y Nuestra Se\u00f1ora de la Preciosa Sangre nos gu\u00eden en este camino y nos ayuden a vivir este tiempo con amor, dedicaci\u00f3n y gratitud.<\/p><p>\u00a1Bienvenidas al a\u00f1o escolar 2025!<\/p><p><strong>Hna. Gabriela Contreras Rozas<\/strong>, Directora del Colegio Santa Cecilia.<\/p>\t\t\t\t\t\t\t\t<\/div>\n\t\t\t\t<\/div>\n\t\t\t\t\t<\/div>\n\t\t<\/div>\n\t\t\t\t\t<\/div>\n\t\t<\/section>\n\t\t\t\t<\/div>\n\t\t","protected":false},"excerpt":{"rendered":"<p>Desde 2023, nuestra Directora es Hna. Gabriela Contreras Rozas, religiosa de la Congregaci\u00f3n Preciosa Sangre con mas de 40 a\u00f1os de experiencia y liderazgo en ambientes educativos. Bienvenida al a\u00f1o escolar 2025 Familias Cecilianas: Al iniciar un nuevo a\u00f1o escolar, aprendizajes y desaf\u00edos, nos volvemos a reunir con la alegr\u00eda [&hellip;]<\/p>\n","protected":false},"author":1,"featured_media":4271,"parent":0,"menu_order":0,"comment_status":"closed","ping_status":"closed","template":"","meta":{"footnotes":""},"class_list":["post-952","page","type-page","status-publish","has-post-thumbnail","hentry"],"_links":{"self":[{"href":"http:\/\/colegiosantacecilia.cl\/new\/wp-json\/wp\/v2\/pages\/952","targetHints":{"allow":["GET"]}}],"collection":[{"href":"http:\/\/colegiosantacecilia.cl\/new\/wp-json\/wp\/v2\/pages"}],"about":[{"href":"http:\/\/colegiosantacecilia.cl\/new\/wp-json\/wp\/v2\/types\/page"}],"author":[{"embeddable":true,"href":"http:\/\/colegiosantacecilia.cl\/new\/wp-json\/wp\/v2\/users\/1"}],"replies":[{"embeddable":true,"href":"http:\/\/colegiosantacecilia.cl\/new\/wp-json\/wp\/v2\/comments?post=952"}],"version-history":[{"count":28,"href":"http:\/\/colegiosantacecilia.cl\/new\/wp-json\/wp\/v2\/pages\/952\/revisions"}],"predecessor-version":[{"id":6394,"href":"http:\/\/colegiosantacecilia.cl\/new\/wp-json\/wp\/v2\/pages\/952\/revisions\/6394"}],"wp:featuredmedia":[{"embeddable":true,"href":"http:\/\/colegiosantacecilia.cl\/new\/wp-json\/wp\/v2\/media\/4271"}],"wp:attachment":[{"href":"http:\/\/colegiosantacecilia.cl\/new\/wp-json\/wp\/v2\/media?parent=952"}],"curies":[{"name":"wp","href":"https:\/\/api.w.org\/{rel}","templated":true}]}}